 = n. List the prime factors of j(q).
2, 7
Suppose -42*z + 43392 + 49218 = 0. List the prime factors of z.
3, 5, 7
Let b(u) = 5*u**2 + 7*u - 8. List the prime factors of b(14).
2, 5, 107
List the prime factors of 16 + -23 - -3*44.
5
Suppose 5*v = 3*v - 2*c + 28, 0 = -v - 4*c + 11. Suppose v*d - 114 = 12*d. What are the prime factors of d?
2, 19
Let m(k) = -k**3 + 14*k**2 - 9*k - 28. Suppose 0*j - j + 4*h + 28 = 0, -4 = j + 4*h. What are the prime factors of m(j)?
2, 19
Suppose 12*x + 6331 = 38071. List the prime factors of x.
5, 23
Let b(f) = -9*f - 5 + 34*f + 0*f. Let i(y) = -13*y + 3. Let x(o) = 6*b(o) + 11*i(o). What are the prime factors of x(5)?
2, 19
Let t be ((-14)/4)/(1/2). Let y(n) = -20*n**2 - 9*n - 44. Let i(u) = 7*u**2 + 3*u + 16. Let x(g) = -17*i(g) - 6*y(g). List the prime factors of x(t).
2, 5
Let t be 224 - -1*4*(-2)/(-8). Let q = 517 - t. List the prime factors of q.
2, 73
Let g(y) = 2*y**2 + 68*y - 80. What are the prime factors of g(-37)?
2, 71
Let g be ((-13)/26)/(1/(-30)). Let y(m) = m**3 - 15*m**2 + m + 23. List the prime factors of y(g).
2, 19
Let u = 620 - -301. What are the prime factors of u?
3, 307
Let m = 562 - 346. Let f = m - 136. What are the prime factors of f?
2, 5
Suppose 3*u = -13 - 2, -3*q + 742 = -5*u. Let t be 1*(10 - 0 - 5). Suppose -4*a + t*h + q = 0, -a - 3*a + 4*h = -240. What are the prime factors of a?
61
Suppose -21*f + 740 = 16*f. What are the prime factors of f?
2, 5
Suppose -15 = -33*t + 38*t. List the prime factors of 5/1 - (t - 51).
59
Suppose -c - 2*o + 239 = 0, c = -3*o + 332 - 92. Let t = c + -156. What are the prime factors of t?
3
Let s = 7 + -13. Let x(y) = y**3 + 7*y**2 + 4*y - 4. Let h be x(s). Suppose -3*a + h*a = 135. What are the prime factors of a?
3
Suppose 11*z = 14*z + 5*k - 9080, -4*z + 12104 = 4*k. What are the prime factors of z?
5, 11
Let b be 6/(-2) - (-1 - 11). Let i be -1*2/3*b. Let a(p) = -8*p. List the prime factors of a(i).
2, 3
Let t(n) = n**2 - 12*n + 3. Let v(b) = -2*b**3 + b - 2. Let u be v(-2). Let c be t(u). Suppose c*o - 12 = o. What are the prime factors of o?
2, 3
Suppose -2*s + 0*h + 112 = 3*h, -140 = -2*s + 4*h. Let q = -16 + s. What are the prime factors of q?
2, 23
Suppose 5*n = -4*d + 14158, -4*n + 3253 = 2*d - 3829. What are the prime factors of d?
3, 131
Let t = -4428 - -6913. What are the prime factors of t?
5, 7, 71
Let l(j) = -3*j + 21. Let p be l(9). List the prime factors of (-21)/(-1) - (0 + p/(-6)).
2, 5
Suppose 239*m = 242*m - 6690. List the prime factors of m.
2, 5, 223
Let n(d) = -d**2 + 39*d + 29. Let l be n(24). Suppose -3*o - l = -1271. What are the prime factors of o?
2, 3, 7
What are the prime factors of (-80)/(-6)*444/8?
2, 5, 37
Let o(r) = 70*r + 492. What are the prime factors of o(7)?
2, 491
Let w(t) = 7*t**2 + 4*t + 1. Let z(v) = -v**3 - v**2 + 2*v + 3. Suppose 3*r - 3 = 4*i + 2, 2*r = -5*i - 12. Let o be z(i). List the prime factors of w(o).
2, 19
Let b(p) be the second derivative of 7*p**3/3 - 5*p**2 + 4*p. What are the prime factors of b(3)?
2
Let c(v) = 3*v**2 - 5*v - 5. Let q be c(-5). Suppose 2*k - q = -29. What are the prime factors of k?
3, 11
Let i(q) = q**2 - q - 25. Let s be i(0). Let v = -1 + 54. Let c = s + v. What are the prime factors of c?
2, 7
Let s(p) = -p**2 - 13*p + 17. Let n be s(-13). Suppose -n*m + 1101 = -3081. What are the prime factors of m?
2, 3, 41
Let h = 4760 + -3252. List the prime factors of h.
2, 13, 29
Let d(o) = 563*o - 361. List the prime factors of d(10).
11, 479
Suppose -5*i + 5386 = -2*w + w, 0 = -2*i + 2*w + 2148. List the prime factors of i.
2, 7, 11
Let n = 217 - 330. Let k = 56 - n. List the prime factors of k.
13
Let u = 671 + -281. What are the prime factors of u?
2, 3, 5, 13
Let r(h) = 28*h**2 + 2*h + 1. Let o be r(-1). Suppose 23*y = o*y - 80. List the prime factors of y.
2, 5
List the prime factors of (-8404)/(-6) - (-110)/(-66).
1399
Let t be ((-14)/6)/(11/(-33)). Suppose 0 = 2*i - t*i. List the prime factors of 0 + 17 - i/4.
17
Let a = -581 - -2490. List the prime factors of a.
23, 83
Let b(k) = k**3 - 3*k**2. Let l be b(3). Suppose 5*x - 2*c - 15 = l, 5*x - 2*x + 4*c - 35 = 0. Suppose 4*f + 3 = x*f. What are the prime factors of f?
3
Suppose 5*h = 2 + 23, -3*h = 3*r - 15. Suppose -b + 26 = 5*l, 12 = 4*l + 3*b - r*b. Suppose a - 9 - l = 0. List the prime factors of a.
3, 5
Let z = 5156 + -2916. What are the prime factors of z?
2, 5, 7
Suppose -2*m - 10030 = -3*q, -9*m + 11*m = -10. List the prime factors of q.
2, 5, 167
Let a(b) = -4*b**3 + 5 - b**2 + 0*b**2 - 3 + 2*b**2. Let r be a(2). Let v = 39 + r. What are the prime factors of v?
13
Let w be -12*-1*4/8. Let f be (-1)/6 + 283/w. Suppose 2*s + f = u, 5*u + 61 = -4*s + 254. List the prime factors of u.
41
Suppose 2*m = -0*a + 2*a - 2, 2*a = m + 4. Let w be (m + 8)*3/6. Suppose -w*p = -0*p - 175. List the prime factors of p.
5, 7
Suppose 10*f + 3 = 11*f. Suppose 0 = w + 2*n - 12, 3*n - 32 = -f*w - 2*n. Suppose 5*j + 4*r = 287, -4*j + 2*r = -244 + w. What are the prime factors of j?
59
Let q = 1438 + -1027. List the prime factors of q.
3, 137
Let q(d) = -15*d - 37. Let m(p) = -15*p - 36. Let j(o) = -2*m(o) + 3*q(o). List the prime factors of j(-5).
2, 3
Suppose 5*w = -1 + 16, 4*w + 8 = n. Let u = -3 + n. What are the prime factors of u?
17
Let q(p) = 16*p**2 - 34*p - 45. What are the prime factors of q(-17)?
3, 191
Suppose 0 = -2*q + 12 - 6. Suppose 5*r = -5*n + 340, 2*r - 125 = -q*n + 11. List the prime factors of r.
2, 17
Let d be 1 + 2 + -8 + -1. Let x be d/(-10) - (-2970)/50. Let j = x - 34. What are the prime factors of j?
2, 13
Suppose -3*c - 2 - 19 = 0. Let s(n) = n**3 + 7*n**2 - 7*n + 10. What are the prime factors of s(c)?
59
Let t(q) = q**3 + q**2 + q. Let x(z) = -27*z**3 + 5*z**2 + 4*z - 1. Let g(l) = 4*t(l) - x(l). Let s be g(1). Let p = -11 + s. What are the prime factors of p?
2, 5
Let h(v) = 33*v - 2. Let b be h(1). Let u = 53 - b. List the prime factors of u.
2, 11
Suppose -7*h + o = -4*h + 4222, -h - 1410 = -3*o. List the prime factors of h/(-7) - (-6)/(-2).
2, 3, 11
Let g = -3 + 3. Suppose -4*u = 2*p - g*p - 74, -p - 5*u = -43. What are the prime factors of p?
3, 11
Suppose 0 = -2*y - s + 7, -3*y - 2 = -5*s + 7. Let q be y/(-3) + 29/3. Suppose -q*h + 4*h + 135 = 0. What are the prime factors of h?
3
What are the prime factors of (-2550)/(-9 + 3) - (7 - 3)?
421
Let g(z) be the first derivative of z**3/3 - z**2/2 - 4*z + 1. Let j(y) = 5*y - 9. Let b be j(1). What are the prime factors of g(b)?
2
Let x = 9 + -10. List the prime factors of 160 + (0 - x - -3).
2, 41
Let s = -1899 - -2034. What are the prime factors of s?
3, 5
Let h(k) be the second derivative of -1/20*k**5 + 0 - 1/12*k**4 - 7*k + 7/2*k**2 + 2*k**3. List the prime factors of h(-5).
47
What are the prime factors of 2241/2 + 10/20 + 1?
2, 3, 11, 17
Suppose -9*k + 27*k - 58788 = 0. What are the prime factors of k?
2, 23, 71
Let r(b) = 6*b**2 + 6*b + 4. Let l be r(-7). Let o = -111 + l. List the prime factors of o.
5, 29
What are the prime factors of -7 - 2710/(-6) - (-3)/9?
5, 89
Suppose 4*v - 2*c = -3*c + 13, -c - 7 = -v. Suppose 3 = v*n - 9. Let i = n + 12. List the prime factors of i.
3, 5
Let b(m) = -m**3 - m**2 + m + 26. Suppose 0 = -5*n + 4*n + 1. Let t be 0/5*1/n. List the prime factors of b(t).
2, 13
Let w(t) be the first derivative of 41*t**3 + t**2/2 + t - 2. Let z be w(-1). Suppose -3*y - 21 = -z. What are the prime factors of y?
2, 17
Let z = 6367 - 3808. List the prime factors of z.
3, 853
Let q(l) = 2*l - 1. Let d be q(4). Let z(r) = r**2 - 5*r + 5. Let s(k) = k**2 - 3*k + 5. Let f(j) = 2*s(j) - 3*z(j). What are the prime factors of f(d)?
3
What are the prime factors of 18/63 + (-60)/14 - -275?
271
Let k = 57 + -103. Let h = k + 76. What are the prime factors of h?
2, 3, 5
Let o(u) = -u**2 - 2*u + 88. Let h = -77 - -77. List the prime factors of o(h).
2, 11
Let k(o) = 2*o**2 - o. Let c be (2 - -25) + 10 + -10. Let u = -28 + c. List the prime factors of k(u).
3
What are the prime factors of (-176)/44 - -2*96?
2, 47
Let l(x) = -x**2 + x + 2. Let v be l(0). Let g = v - -2. Suppose g*r = -4*b + 64, -4 + 20 = r + 3*b. List the prime factors of r.
2
Suppose 74 = -3*r - 37. Let p = 39 + r. What are the prime factors of p?
2
Let i(o) = 22*o - 37. Li